{"id":573,"date":"2022-12-01T11:18:50","date_gmt":"2022-12-01T10:18:50","guid":{"rendered":"https:\/\/calorstat-classic.com\/?page_id=573"},"modified":"2022-12-15T10:04:59","modified_gmt":"2022-12-15T09:04:59","slug":"legal","status":"publish","type":"page","link":"https:\/\/calorstat-classic.com\/index.php\/es\/legal\/","title":{"rendered":"L\u00e9gal"},"content":{"rendered":"\t\t<div data-elementor-type=\"wp-page\" data-elementor-id=\"573\" class=\"elementor elementor-573\" data-elementor-post-type=\"page\">\n\t\t\t\t\t\t<section class=\"elementor-section elementor-top-section elementor-element elementor-element-6d51eca3 elementor-section-height-min-height elementor-section-boxed elementor-section-height-default elementor-section-items-middle\" data-id=\"6d51eca3\" data-element_type=\"section\" data-e-type=\"section\" data-settings=\"{&quot;background_background&quot;:&quot;classic&quot;}\">\n\t\t\t\t\t\t<div class=\"elementor-container elementor-column-gap-default\">\n\t\t\t\t\t<div class=\"elementor-column elementor-col-100 elementor-top-column elementor-element elementor-element-41260747\" data-id=\"41260747\" data-element_type=\"column\" data-e-type=\"column\">\n\t\t\t<div class=\"elementor-widget-wrap elementor-element-populated\">\n\t\t\t\t\t\t<div class=\"elementor-element elementor-element-efde094 elementor-view-default elementor-widget elementor-widget-icon\" data-id=\"efde094\" data-element_type=\"widget\" data-e-type=\"widget\" data-widget_type=\"icon.default\">\n\t\t\t\t<div class=\"elementor-widget-container\">\n\t\t\t\t\t\t\t<div class=\"elementor-icon-wrapper\">\n\t\t\t<div class=\"elementor-icon\">\n\t\t\t<i aria-hidden=\"true\" class=\"fas fa-balance-scale-left\"><\/i>\t\t\t<\/div>\n\t\t<\/div>\n\t\t\t\t\t\t<\/div>\n\t\t\t\t<\/div>\n\t\t\t\t<div class=\"elementor-element elementor-element-5652c71e elementor-widget elementor-widget-heading\" data-id=\"5652c71e\" data-element_type=\"widget\" data-e-type=\"widget\" data-widget_type=\"heading.default\">\n\t\t\t\t<div class=\"elementor-widget-container\">\n\t\t\t\t\t<h1 class=\"elementor-heading-title elementor-size-default\">Legal<\/h1>\t\t\t\t<\/div>\n\t\t\t\t<\/div>\n\t\t\t\t\t<\/div>\n\t\t<\/div>\n\t\t\t\t\t<\/div>\n\t\t<\/section>\n\t\t\t\t<section class=\"elementor-section elementor-top-section elementor-element elementor-element-4e8efdad elementor-section-boxed elementor-section-height-default elementor-section-height-default\" data-id=\"4e8efdad\" data-element_type=\"section\" data-e-type=\"section\">\n\t\t\t\t\t\t<div class=\"elementor-container elementor-column-gap-default\">\n\t\t\t\t\t<div class=\"elementor-column elementor-col-100 elementor-top-column elementor-element elementor-element-39d8a698\" data-id=\"39d8a698\" data-element_type=\"column\" data-e-type=\"column\">\n\t\t\t<div class=\"elementor-widget-wrap elementor-element-populated\">\n\t\t\t\t\t\t<div class=\"elementor-element elementor-element-2a81bbc5 elementor-widget elementor-widget-text-editor\" data-id=\"2a81bbc5\" data-element_type=\"widget\" data-e-type=\"widget\" data-widget_type=\"text-editor.default\">\n\t\t\t\t<div class=\"elementor-widget-container\">\n\t\t\t\t\t\t\t\t\t<p><span style=\"font-size: 24px;\"><b>POL<strong>\u00cdTICA DE PRIVACIDAD<\/strong><\/b><\/span><\/p><p>El Grupo Vernet, como responsable del tratamiento de datos, concede gran importancia a la protecci\u00f3n de la privacidad y de los datos personales.<\/p><p>El objetivo de esta pol\u00edtica de privacidad es explicar nuestras pr\u00e1cticas y nuestros compromisos con respecto al tratamiento de sus datos para cumplir con el marco legal.<\/p><p><\/p><p>Este marco jur\u00eddico se rige por la Ley n\u00ba 78-17, de 6 de enero de 1978, relativa a la inform\u00e1tica, los archivos y las libertades, en su versi\u00f3n modificada (en adelante, &#8220;Ley de Protecci\u00f3n de Datos&#8221;), y el Reglamento (UE) n\u00ba 2016\/679, de 27 de abril de 2016, relativo a la protecci\u00f3n de las personas f\u00edsicas en lo que respecta al tratamiento de datos personales y a la libre circulaci\u00f3n de estos datos (en adelante, &#8220;GDPR&#8221;).<\/p><p><\/p><p>\u00bfQu\u00e9 datos se recogen y procesan?<\/p><p><\/p><p>S\u00f3lo recogemos los datos estrictamente necesarios para solicitarle comercialmente y responder a sus peticiones, en el marco de los intereses leg\u00edtimos del Grupo Vernet para desarrollar su clientela B2B.<\/p><p><\/p><p>Su consentimiento previo para recibir estas solicitudes no es obligatorio siempre que se enmarquen en un enfoque comercial B2B (entre profesionales) y en el contexto de su actividad profesional.<\/p><p><\/p><p>El Grupo Vernet recoge los siguientes datos : direcci\u00f3n de correo electr\u00f3nico, nombre, apellidos, nombre de su empresa.<\/p><p><\/p><p>Algunos de los datos mencionados pueden haber sido recogidos de fuentes de acceso p\u00fablico (redes sociales profesionales) para contactar con usted y proponerle ofertas comerciales.<\/p><p><\/p><p>\u00bfCu\u00e1nto tiempo se conservar\u00e1n sus datos?<\/p><p><\/p><p>Cuando sus datos personales ya no son necesarios para nuestros fines, el Grupo Vernet los elimina.<\/p><p><\/p><p>Conservamos sus datos con fines de marketing durante un per\u00edodo de 3 a\u00f1os a partir del \u00faltimo contacto (ejemplo de \u00faltimo contacto: participaci\u00f3n en un concurso, participaci\u00f3n en un seminario web, env\u00edo de un correo electr\u00f3nico, llamada telef\u00f3nica o clic en un hiperv\u00ednculo de un correo electr\u00f3nico).<\/p><p><\/p><p>\u00bfQui\u00e9n tiene acceso a sus datos?<\/p><p><\/p><p>Para ofrecerle los distintos servicios y funciones de su sitio web, el Grupo Vernet utiliza proveedores de servicios. Estas empresas son tambi\u00e9n las destinatarias de todos o parte de los datos que usted transmite. Se encargan del alojamiento, el mantenimiento y participan en la edici\u00f3n y el buen funcionamiento del sitio web.<\/p><p><\/p><p>Adem\u00e1s, el Grupo Vernet utiliza un proveedor de servicios de correo electr\u00f3nico para enviarle boletines informativos cuando usted ha decidido inscribirse para recibirlos.<\/p><p><\/p><p>Sus datos personales no se transfieren fuera de la Uni\u00f3n Europea.<\/p><p><\/p><p>\u00bfC\u00f3mo protegemos sus datos personales?<\/p><p><\/p><p>El Grupo Vernet aplica medidas de seguridad t\u00e9cnicas (como Firewalls, encriptaci\u00f3n de los intercambios, etc.) y organizativas (como auditor\u00edas y controles, concientizaci\u00f3n, compromisos de los subcontratistas, autorizaci\u00f3n de acceso restringido, etc.) para proteger los datos personales contra la destrucci\u00f3n, la p\u00e9rdida o el acceso il\u00edcito.<\/p><p><\/p><p>\u00bfCu\u00e1les son sus derechos?<\/p><p><\/p><p>Puede oponerse en cualquier momento a recibir nuestro bolet\u00edn de noticias y solicitudes comerciales a trav\u00e9s del enlace de cancelaci\u00f3n de la suscripci\u00f3n integrado en los correos electr\u00f3nicos.<\/p><p><\/p><p>De acuerdo con la normativa vigente, usted tiene derecho a acceder, oponerse y rectificar sus datos, a retirar su consentimiento en cualquier momento, a solicitar la supresi\u00f3n de sus datos y a obtener su limitaci\u00f3n o portabilidad en la medida en que sea aplicable. Tambi\u00e9n tiene derecho a definir las directrices relativas al destino de sus Datos Personales tras su fallecimiento.<\/p><p><\/p><p>Para ejercer sus derechos, p\u00f3ngase en contacto con el responsable de la protecci\u00f3n de datos del Grupo Vernet a trav\u00e9s de la siguiente direcci\u00f3n de correo electr\u00f3nico: dpo@vernet-group.com.<\/p><p><\/p><p>Si cree que el Grupo Vernet est\u00e1 tratando ilegalmente sus datos personales en violaci\u00f3n de sus derechos, puede presentar en cualquier momento una reclamaci\u00f3n ante la Comisi\u00f3n Nacional de la Inform\u00e1tica y las Libertades (CNIL) a trav\u00e9s de su p\u00e1gina web (cnil.fr).<\/p>\t\t\t\t\t\t\t\t<\/div>\n\t\t\t\t<\/div>\n\t\t\t\t\t<\/div>\n\t\t<\/div>\n\t\t\t\t\t<\/div>\n\t\t<\/section>\n\t\t\t\t<\/div>\n\t\t","protected":false},"excerpt":{"rendered":"<p>Legal POL\u00cdTICA DE PRIVACIDAD El Grupo Vernet, como responsable del tratamiento de datos, concede gran importancia a la protecci\u00f3n de la privacidad y de los datos personales. El objetivo de esta pol\u00edtica de privacidad es explicar nuestras pr\u00e1cticas y nuestros compromisos con respecto al tratamiento de sus datos para cumplir [&hellip;]<\/p>\n","protected":false},"author":1,"featured_media":0,"parent":0,"menu_order":0,"comment_status":"closed","ping_status":"closed","template":"page-templates\/template-pagebuilder-full-width.php","meta":{"footnotes":""},"class_list":["post-573","page","type-page","status-publish","hentry"],"yoast_head":"<!-- This site is optimized with the Yoast SEO plugin v27.4 - https:\/\/yoast.com\/product\/yoast-seo-wordpress\/ -->\n<title>L\u00e9gal - Calorstat Classic<\/title>\n<meta name=\"robots\" content=\"index, follow, max-snippet:-1, max-image-preview:large, max-video-preview:-1\" \/>\n<link rel=\"canonical\" href=\"https:\/\/calorstat-classic.com\/index.php\/es\/legal\/\" \/>\n<meta property=\"og:locale\" content=\"en_US\" \/>\n<meta property=\"og:type\" content=\"article\" \/>\n<meta property=\"og:title\" content=\"L\u00e9gal - Calorstat Classic\" \/>\n<meta property=\"og:description\" content=\"Legal POL\u00cdTICA DE PRIVACIDAD El Grupo Vernet, como responsable del tratamiento de datos, concede gran importancia a la protecci\u00f3n de la privacidad y de los datos personales. El objetivo de esta pol\u00edtica de privacidad es explicar nuestras pr\u00e1cticas y nuestros compromisos con respecto al tratamiento de sus datos para cumplir [&hellip;]\" \/>\n<meta property=\"og:url\" content=\"https:\/\/calorstat-classic.com\/index.php\/es\/legal\/\" \/>\n<meta property=\"og:site_name\" content=\"Calorstat Classic\" \/>\n<meta property=\"article:publisher\" content=\"https:\/\/www.facebook.com\/p\/Calorstat-by-Vernet-100083108571901\/\" \/>\n<meta property=\"article:modified_time\" content=\"2022-12-15T09:04:59+00:00\" \/>\n<meta name=\"twitter:card\" content=\"summary_large_image\" \/>\n<meta name=\"twitter:label1\" content=\"Est. reading time\" \/>\n\t<meta name=\"twitter:data1\" content=\"3 minutes\" \/>\n<script type=\"application\/ld+json\" class=\"yoast-schema-graph\">{\"@context\":\"https:\\\/\\\/schema.org\",\"@graph\":[{\"@type\":\"WebPage\",\"@id\":\"https:\\\/\\\/calorstat-classic.com\\\/index.php\\\/es\\\/legal\\\/\",\"url\":\"https:\\\/\\\/calorstat-classic.com\\\/index.php\\\/es\\\/legal\\\/\",\"name\":\"L\u00e9gal - Calorstat Classic\",\"isPartOf\":{\"@id\":\"https:\\\/\\\/calorstat-classic.com\\\/#website\"},\"datePublished\":\"2022-12-01T10:18:50+00:00\",\"dateModified\":\"2022-12-15T09:04:59+00:00\",\"breadcrumb\":{\"@id\":\"https:\\\/\\\/calorstat-classic.com\\\/index.php\\\/es\\\/legal\\\/#breadcrumb\"},\"inLanguage\":\"en-US\",\"potentialAction\":[{\"@type\":\"ReadAction\",\"target\":[\"https:\\\/\\\/calorstat-classic.com\\\/index.php\\\/es\\\/legal\\\/\"]}]},{\"@type\":\"BreadcrumbList\",\"@id\":\"https:\\\/\\\/calorstat-classic.com\\\/index.php\\\/es\\\/legal\\\/#breadcrumb\",\"itemListElement\":[{\"@type\":\"ListItem\",\"position\":1,\"name\":\"Home\",\"item\":\"https:\\\/\\\/calorstat-classic.com\\\/\"},{\"@type\":\"ListItem\",\"position\":2,\"name\":\"L\u00e9gal\"}]},{\"@type\":\"WebSite\",\"@id\":\"https:\\\/\\\/calorstat-classic.com\\\/#website\",\"url\":\"https:\\\/\\\/calorstat-classic.com\\\/\",\"name\":\"Calorstat Classic\",\"description\":\"Thermostat Youngtimers &amp; Oldtimers specialist\",\"publisher\":{\"@id\":\"https:\\\/\\\/calorstat-classic.com\\\/#organization\"},\"potentialAction\":[{\"@type\":\"SearchAction\",\"target\":{\"@type\":\"EntryPoint\",\"urlTemplate\":\"https:\\\/\\\/calorstat-classic.com\\\/?s={search_term_string}\"},\"query-input\":{\"@type\":\"PropertyValueSpecification\",\"valueRequired\":true,\"valueName\":\"search_term_string\"}}],\"inLanguage\":\"en-US\"},{\"@type\":\"Organization\",\"@id\":\"https:\\\/\\\/calorstat-classic.com\\\/#organization\",\"name\":\"calorstat classic\",\"alternateName\":\"calorstat\",\"url\":\"https:\\\/\\\/calorstat-classic.com\\\/\",\"logo\":{\"@type\":\"ImageObject\",\"inLanguage\":\"en-US\",\"@id\":\"https:\\\/\\\/calorstat-classic.com\\\/#\\\/schema\\\/logo\\\/image\\\/\",\"url\":\"https:\\\/\\\/calorstat-classic.com\\\/wp-content\\\/uploads\\\/2022\\\/06\\\/cropped-Header-Calorstat-Classic2.png\",\"contentUrl\":\"https:\\\/\\\/calorstat-classic.com\\\/wp-content\\\/uploads\\\/2022\\\/06\\\/cropped-Header-Calorstat-Classic2.png\",\"width\":150,\"height\":68,\"caption\":\"calorstat classic\"},\"image\":{\"@id\":\"https:\\\/\\\/calorstat-classic.com\\\/#\\\/schema\\\/logo\\\/image\\\/\"},\"sameAs\":[\"https:\\\/\\\/www.facebook.com\\\/p\\\/Calorstat-by-Vernet-100083108571901\\\/\"]}]}<\/script>\n<!-- \/ Yoast SEO plugin. -->","yoast_head_json":{"title":"L\u00e9gal - Calorstat Classic","robots":{"index":"index","follow":"follow","max-snippet":"max-snippet:-1","max-image-preview":"max-image-preview:large","max-video-preview":"max-video-preview:-1"},"canonical":"https:\/\/calorstat-classic.com\/index.php\/es\/legal\/","og_locale":"en_US","og_type":"article","og_title":"L\u00e9gal - Calorstat Classic","og_description":"Legal POL\u00cdTICA DE PRIVACIDAD El Grupo Vernet, como responsable del tratamiento de datos, concede gran importancia a la protecci\u00f3n de la privacidad y de los datos personales. El objetivo de esta pol\u00edtica de privacidad es explicar nuestras pr\u00e1cticas y nuestros compromisos con respecto al tratamiento de sus datos para cumplir [&hellip;]","og_url":"https:\/\/calorstat-classic.com\/index.php\/es\/legal\/","og_site_name":"Calorstat Classic","article_publisher":"https:\/\/www.facebook.com\/p\/Calorstat-by-Vernet-100083108571901\/","article_modified_time":"2022-12-15T09:04:59+00:00","twitter_card":"summary_large_image","twitter_misc":{"Est. reading time":"3 minutes"},"schema":{"@context":"https:\/\/schema.org","@graph":[{"@type":"WebPage","@id":"https:\/\/calorstat-classic.com\/index.php\/es\/legal\/","url":"https:\/\/calorstat-classic.com\/index.php\/es\/legal\/","name":"L\u00e9gal - Calorstat Classic","isPartOf":{"@id":"https:\/\/calorstat-classic.com\/#website"},"datePublished":"2022-12-01T10:18:50+00:00","dateModified":"2022-12-15T09:04:59+00:00","breadcrumb":{"@id":"https:\/\/calorstat-classic.com\/index.php\/es\/legal\/#breadcrumb"},"inLanguage":"en-US","potentialAction":[{"@type":"ReadAction","target":["https:\/\/calorstat-classic.com\/index.php\/es\/legal\/"]}]},{"@type":"BreadcrumbList","@id":"https:\/\/calorstat-classic.com\/index.php\/es\/legal\/#breadcrumb","itemListElement":[{"@type":"ListItem","position":1,"name":"Home","item":"https:\/\/calorstat-classic.com\/"},{"@type":"ListItem","position":2,"name":"L\u00e9gal"}]},{"@type":"WebSite","@id":"https:\/\/calorstat-classic.com\/#website","url":"https:\/\/calorstat-classic.com\/","name":"Calorstat Classic","description":"Thermostat Youngtimers &amp; Oldtimers specialist","publisher":{"@id":"https:\/\/calorstat-classic.com\/#organization"},"potentialAction":[{"@type":"SearchAction","target":{"@type":"EntryPoint","urlTemplate":"https:\/\/calorstat-classic.com\/?s={search_term_string}"},"query-input":{"@type":"PropertyValueSpecification","valueRequired":true,"valueName":"search_term_string"}}],"inLanguage":"en-US"},{"@type":"Organization","@id":"https:\/\/calorstat-classic.com\/#organization","name":"calorstat classic","alternateName":"calorstat","url":"https:\/\/calorstat-classic.com\/","logo":{"@type":"ImageObject","inLanguage":"en-US","@id":"https:\/\/calorstat-classic.com\/#\/schema\/logo\/image\/","url":"https:\/\/calorstat-classic.com\/wp-content\/uploads\/2022\/06\/cropped-Header-Calorstat-Classic2.png","contentUrl":"https:\/\/calorstat-classic.com\/wp-content\/uploads\/2022\/06\/cropped-Header-Calorstat-Classic2.png","width":150,"height":68,"caption":"calorstat classic"},"image":{"@id":"https:\/\/calorstat-classic.com\/#\/schema\/logo\/image\/"},"sameAs":["https:\/\/www.facebook.com\/p\/Calorstat-by-Vernet-100083108571901\/"]}]}},"_links":{"self":[{"href":"https:\/\/calorstat-classic.com\/index.php\/wp-json\/wp\/v2\/pages\/573","targetHints":{"allow":["GET"]}}],"collection":[{"href":"https:\/\/calorstat-classic.com\/index.php\/wp-json\/wp\/v2\/pages"}],"about":[{"href":"https:\/\/calorstat-classic.com\/index.php\/wp-json\/wp\/v2\/types\/page"}],"author":[{"embeddable":true,"href":"https:\/\/calorstat-classic.com\/index.php\/wp-json\/wp\/v2\/users\/1"}],"replies":[{"embeddable":true,"href":"https:\/\/calorstat-classic.com\/index.php\/wp-json\/wp\/v2\/comments?post=573"}],"version-history":[{"count":8,"href":"https:\/\/calorstat-classic.com\/index.php\/wp-json\/wp\/v2\/pages\/573\/revisions"}],"predecessor-version":[{"id":634,"href":"https:\/\/calorstat-classic.com\/index.php\/wp-json\/wp\/v2\/pages\/573\/revisions\/634"}],"wp:attachment":[{"href":"https:\/\/calorstat-classic.com\/index.php\/wp-json\/wp\/v2\/media?parent=573"}],"curies":[{"name":"wp","href":"https:\/\/api.w.org\/{rel}","templated":true}]}}